ctor of 8 and 122.
2
What is the greatest common factor of 3704 and 152?
8
What is the greatest common divisor of 9407 and 1?
1
What is the highest common factor of 2623 and 28337?
43
Calculate the greatest common factor of 1057158 and 81.
27
Calculate the greatest common divisor of 18330 and 618.
6
What is the highest common divisor of 80757 and 6?
3
What is the highest common divisor of 3014507 and 956?
239
Calculate the highest common factor of 157 and 175369.
157
What is the highest common divisor of 11 and 1421123?
11
What is the greatest common factor of 360 and 7780?
20
Calculate the greatest common divisor of 2844 and 126.
18
Calculate the highest common factor of 44 and 10967.
11
Calculate the highest common factor of 68060 and 581.
83
What is the highest common divisor of 80 and 145952?
16
Calculate the greatest common divisor of 8404 and 24.
4
Calculate the highest common factor of 68436 and 72.
36
What is the highest common divisor of 40 and 1130?
10
Calculate the highest common divisor of 1568 and 149856.
224
What is the highest common divisor of 864 and 1314912?
96
What is the highest common divisor of 649 and 3781723?
649
What is the greatest common factor of 2112 and 32768?
64
Calculate the greatest common factor of 86 and 3646013.
43
What is the highest common factor of 18891 and 1314?
9
What is the highest common divisor of 4 and 6271?
1
What is the greatest common divisor of 46609 and 8808?
367
Calculate the greatest common divisor of 6924 and 150.
6
Calculate the highest common factor of 4332 and 59964.
228
What is the greatest common divisor of 1052113 and 796?
199
What is the highest common divisor of 67 and 2983577?
67
Calculate the highest common factor of 627113 and 629.
629
What is the highest common divisor of 1221 and 309801?
111
What is the highest common factor of 352 and 39688?
88
Calculate the highest common factor of 70 and 134390.
10
What is the highest common divisor of 68236 and 63?
7
What is the greatest common factor of 38 and 102106?
38
What is the greatest common factor of 169150 and 1122?
34
Calculate the greatest common divisor of 525 and 519050.
175
What is the highest common divisor of 304 and 100966?
38
Calculate the greatest common divisor of 1358 and 108836.
14
Calculate the highest common divisor of 5104 and 1508.
116
What is the highest common divisor of 13083 and 511?
7
Calculate the greatest common factor of 16133 and 292.
73
What is the highest common factor of 14336 and 2296?
56
Calculate the highest common factor of 4317336 and 216.
72
What is the greatest common factor of 3960 and 197235?
45
Calculate the greatest common factor of 18057 and 117.
39
Calculate the greatest common factor of 255 and 16983.
51
What is the greatest common factor of 21113 and 731?
43
What is the greatest common factor of 3352 and 383385?
419
Calculate the highest common factor of 277349 and 424.
53
Calculate the highest common factor of 91 and 511.
7
What is the highest common factor of 452 and 1745624?
452
Calculate the highest common factor of 23 and 4184574.
23
Calculate the highest common factor of 8587 and 109138.
277
What is the highest common divisor of 54 and 618?
6
What is the highest common divisor of 205 and 1765?
5
What is the highest common factor of 10 and 3030320?
10
Calculate the highest common factor of 62178 and 3956.
86
What is the highest common divisor of 99780 and 60?
60
Calculate the highest common divisor of 2782594 and 446.
446
Calculate the greatest common factor of 6085970 and 1814.
1814
What is the highest common divisor of 25281 and 16377?
159
What is the highest common factor of 2187605 and 10?
5
What is the greatest common divisor of 88 and 433169?
11
What is the greatest common divisor of 70924 and 1428?
476
Calculate the greatest common divisor of 48 and 688656.
48
What is the greatest common factor of 549072 and 492?
492
What is the greatest common factor of 108385 and 3710?
265
Calculate the greatest common factor of 549821 and 472.
59
What is the greatest common divisor of 3488 and 24?
8
Calculate the greatest common factor of 71916 and 3068.
52
Calculate the greatest common divisor of 42 and 2207814.
42
Calculate the greatest common divisor of 165417 and 63.
21
Calculate the greatest common factor of 6 and 99402.
6
Calculate the greatest common divisor of 99 and 51535.
11
Calculate the highest common factor of 110 and 38030.
10
What is the highest common divisor of 24130 and 147320?
1270
What is the highest common divisor of 34320 and 585?
195
Calculate the greatest common divisor of 20271 and 409614.
699
Calculate the highest common divisor of 715 and 3159.
13
Calculate the highest common factor of 460 and 328072.
92
Calculate the greatest common divisor of 100 and 2540.
20
Calculate the greatest common divisor of 24400 and 12400.
400
Calculate the highest common divisor of 389328 and 48.
48
What is the greatest common factor of 82 and 14145?
41
What is the highest common divisor of 1487178 and 18?
18
What is the greatest common divisor of 131996 and 8?
4
Calculate the highest common divisor of 736 and 4324.
92
What is the highest common divisor of 2040 and 1047336?
408
Calculate the greatest common factor of 2244 and 30804.
204
What is the highest common divisor of 156 and 409968?
156
What is the greatest common divisor of 14703 and 27?
3
Calculate the highest common divisor of 74148 and 1776.
444
Calculate the highest common divisor of 1635640 and 4532.
412
What is the greatest common divisor of 59171 and 8988?
749
What is the highest common divisor of 315 and 786105?
45
Calculate the highest common divisor of 8288 and 407.
37
Calculate the greatest common divisor of 13 and 788099.
13
What is the greatest common factor of 70 and 1961890?
70
Calculate the greatest common divisor of 2001168 and 576.
144
What is the greatest common divisor of 40 and 15940?
20
What is the greatest common factor of 7277 and 110687?
383
Calculate the greatest common factor of 2077 and 685276.
67
Calculate the highest common divisor of 7082 and 14.
2
Calculate the greatest common divisor of 1575 and 504.
63
What is the greatest common divisor of 248910 and 12?
6
Calculate the highest common divisor of 68 and 8857.
17
Calculate the highest common factor of 70 and 1624980.
70
Calculate the highest common divisor of 91057 and 222.
37
Calculate the greatest common factor of 52935 and 165.
15
Calculate the highest common factor of 2418 and 2054.
26
Calculate the highest common divisor of 53292 and 132.
12
Calculate the greatest common divisor of 13923 and 2601.
153
What is the greatest common factor of 80 and 39024?
16
What is the greatest common divisor of 308 and 1936?
44
Calculate the highest common divisor of 871856 and 116.
116
Calculate the greatest common divisor of 1887 and 233359.
629
What is the highest common divisor of 2753372 and 4?
4
Calculate the greatest common factor of 1602 and 8490.
6
What is the greatest common factor of 176294 and 7792?
974
Calculate the greatest common factor of 45 and 162540.
45
What is the highest common factor of 23 and 2471603?
23
Calculate the highest common divisor of 474 and 150574.
158
Calculate the highest common divisor of 53714 and 20080.
502
What is the greatest common factor of 19775 and 2?
1
Calculate the highest common divisor of 70 and 3460.
10
Calculate the highest common divisor of 41 and 2201659.
41
What is the highest common factor of 231160 and 40?
40
What is the greatest common divisor of 297880 and 2728?
88
What is the highest common factor of 825 and 285?
15
Calculate the greatest common factor of 774718 and 49.
7
Calculate the highest common divisor of 417 and 545436.
417
What is the greatest common factor of 350 and 898550?
50
What is the greatest common factor of 50 and 550?
50
What is the greatest common factor of 25988 and 712?
356
Calculate the highest common divisor of 865 and 613458.
173
Calculate the greatest common factor of 20 and 1663760.
20
Calculate the highest common divisor of 27 and 11979.
9
What is the greatest common divisor of 527 and 9548?
31
Calculate the highest common factor of 48448 and 496.
16
What is the highest common factor of 1365786 and 414?
414
What is the highest common factor of 34806 and 90?
6
Calcula